{"id":2033,"date":"2023-09-29T01:07:06","date_gmt":"2023-09-29T01:07:06","guid":{"rendered":"https:\/\/vitalezza.co\/?post_type=product&#038;p=2033"},"modified":"2025-10-10T00:28:40","modified_gmt":"2025-10-10T00:28:40","slug":"fixer-para-estrias-flacidez","status":"publish","type":"product","link":"https:\/\/vitalezza.co\/index.php\/producto\/fixer-para-estrias-flacidez\/","title":{"rendered":"Nanopore + exosomas para estrias\/flacidez"},"content":{"rendered":"<p>Valido por 1 sesi\u00f3n de Nanopore + exosomas para renovar la piel con medicina regenerativa. Una zona<\/p>\n","protected":false},"excerpt":{"rendered":"<p>FIXER representa una plataforma rob\u00f3tica revolucionaria dise\u00f1ada para transformar la vida y restaurar la juventud de las personas. Esta innovadora soluci\u00f3n combina dos tecnolog\u00edas avanzadas: microagujas rob\u00f3ticas y radiofrecuencia fraccionada. Este enfoque seguro y no invasivo permite tratar la piel de manera efectiva sin da\u00f1ar la capa superficial, centr\u00e1ndose en la coagulaci\u00f3n de la capa m\u00e1s profunda (dermis) para lograr una regeneraci\u00f3n activa en todas las capas de la piel.<\/p>\n<p>Esta tecnolog\u00eda m\u00ednimamente invasiva tiene m\u00faltiples beneficios, como estimular la producci\u00f3n de col\u00e1geno, mejorar la firmeza de la piel en \u00e1reas como el abdomen y los gl\u00fateos, y reducir la apariencia de cicatrices y estr\u00edas. Los resultados se traducen en una experiencia rejuvenecedora y de tensado de la piel para el paciente.<\/p>\n","protected":false},"featured_media":3004,"template":"","meta":{"_et_pb_use_builder":"","_et_pb_old_content":"","_et_gb_content_width":"","om_disable_all_campaigns":false,"_monsterinsights_skip_tracking":false,"_monsterinsights_sitenote_active":false,"_monsterinsights_sitenote_note":"","_monsterinsights_sitenote_category":0,"spay_email":"","_joinchat":[]},"product_cat":[79],"product_tag":[],"aioseo_notices":[],"_links":{"self":[{"href":"https:\/\/vitalezza.co\/index.php\/wp-json\/wp\/v2\/product\/2033"}],"collection":[{"href":"https:\/\/vitalezza.co\/index.php\/wp-json\/wp\/v2\/product"}],"about":[{"href":"https:\/\/vitalezza.co\/index.php\/wp-json\/wp\/v2\/types\/product"}],"wp:featuredmedia":[{"embeddable":true,"href":"https:\/\/vitalezza.co\/index.php\/wp-json\/wp\/v2\/media\/3004"}],"wp:attachment":[{"href":"https:\/\/vitalezza.co\/index.php\/wp-json\/wp\/v2\/media?parent=2033"}],"wp:term":[{"taxonomy":"product_cat","embeddable":true,"href":"https:\/\/vitalezza.co\/index.php\/wp-json\/wp\/v2\/product_cat?post=2033"},{"taxonomy":"product_tag","embeddable":true,"href":"https:\/\/vitalezza.co\/index.php\/wp-json\/wp\/v2\/product_tag?post=2033"}],"curies":[{"name":"wp","href":"https:\/\/api.w.org\/{rel}","templated":true}]}}