{"id":2029,"date":"2023-09-29T01:03:34","date_gmt":"2023-09-29T01:03:34","guid":{"rendered":"https:\/\/vitalezza.co\/?post_type=product&#038;p=2029"},"modified":"2025-10-10T00:02:33","modified_gmt":"2025-10-10T00:02:33","slug":"paquete-de-marcacion-abdominal","status":"publish","type":"product","link":"https:\/\/vitalezza.co\/index.php\/producto\/paquete-de-marcacion-abdominal\/","title":{"rendered":"Enzimas lipol\u00edticas para reducci\u00f3n de adiposidad"},"content":{"rendered":"<p>Valido por 1,4 y 6 sesiones de tratamientos lipol\u00edticos par eliminar la adiposidad localizafa con enzimas (una zona)<\/p>\n","protected":false},"excerpt":{"rendered":"<p>Valido por 1,4 y 6 sesiones de tratamientos lipol\u00edticos par eliminar la adiposidad localizafa con enzimas (una zona)<\/p>\n","protected":false},"featured_media":2995,"template":"","meta":{"_et_pb_use_builder":"","_et_pb_old_content":"","_et_gb_content_width":"","om_disable_all_campaigns":false,"_monsterinsights_skip_tracking":false,"_monsterinsights_sitenote_active":false,"_monsterinsights_sitenote_note":"","_monsterinsights_sitenote_category":0,"spay_email":"","_joinchat":[]},"product_cat":[79],"product_tag":[],"aioseo_notices":[],"_links":{"self":[{"href":"https:\/\/vitalezza.co\/index.php\/wp-json\/wp\/v2\/product\/2029"}],"collection":[{"href":"https:\/\/vitalezza.co\/index.php\/wp-json\/wp\/v2\/product"}],"about":[{"href":"https:\/\/vitalezza.co\/index.php\/wp-json\/wp\/v2\/types\/product"}],"wp:featuredmedia":[{"embeddable":true,"href":"https:\/\/vitalezza.co\/index.php\/wp-json\/wp\/v2\/media\/2995"}],"wp:attachment":[{"href":"https:\/\/vitalezza.co\/index.php\/wp-json\/wp\/v2\/media?parent=2029"}],"wp:term":[{"taxonomy":"product_cat","embeddable":true,"href":"https:\/\/vitalezza.co\/index.php\/wp-json\/wp\/v2\/product_cat?post=2029"},{"taxonomy":"product_tag","embeddable":true,"href":"https:\/\/vitalezza.co\/index.php\/wp-json\/wp\/v2\/product_tag?post=2029"}],"curies":[{"name":"wp","href":"https:\/\/api.w.org\/{rel}","templated":true}]}}