{"id":2024,"date":"2023-09-29T00:54:55","date_gmt":"2023-09-29T00:54:55","guid":{"rendered":"https:\/\/vitalezza.co\/?post_type=product&#038;p=2024"},"modified":"2025-10-09T19:54:24","modified_gmt":"2025-10-09T19:54:24","slug":"grande","status":"publish","type":"product","link":"https:\/\/vitalezza.co\/index.php\/producto\/grande\/","title":{"rendered":"Nanopore y Laser NDYAG para cicatriz grande"},"content":{"rendered":"<p>Valido por 1 sesi\u00f3n de L\u00e1ser + nanopore en cicatriz grande<\/p>\n","protected":false},"excerpt":{"rendered":"<p>El l\u00e1ser de CO2 fraccionado\u00a0<b>es una de las terapias m\u00e1s efectivas para tratar el fotoenvejecimiento cut\u00e1neo (manchas, arrugas) y las cicatrices atr\u00f3ficas (acn\u00e9) y cicatrices hipertr\u00f3ficas (quemaduras, cirug\u00edas)<\/b>. Tras 3-6 meses despu\u00e9s del tratamiento con l\u00e1ser de CO<sub>2<\/sub>\u00a0fraccionado se sigue sintetizando col\u00e1geno nuevo.<\/p>\n","protected":false},"featured_media":2555,"template":"","meta":{"_et_pb_use_builder":"","_et_pb_old_content":"","_et_gb_content_width":"","om_disable_all_campaigns":false,"_monsterinsights_skip_tracking":false,"_monsterinsights_sitenote_active":false,"_monsterinsights_sitenote_note":"","_monsterinsights_sitenote_category":0,"spay_email":"","_joinchat":[]},"product_cat":[79],"product_tag":[],"aioseo_notices":[],"_links":{"self":[{"href":"https:\/\/vitalezza.co\/index.php\/wp-json\/wp\/v2\/product\/2024"}],"collection":[{"href":"https:\/\/vitalezza.co\/index.php\/wp-json\/wp\/v2\/product"}],"about":[{"href":"https:\/\/vitalezza.co\/index.php\/wp-json\/wp\/v2\/types\/product"}],"wp:featuredmedia":[{"embeddable":true,"href":"https:\/\/vitalezza.co\/index.php\/wp-json\/wp\/v2\/media\/2555"}],"wp:attachment":[{"href":"https:\/\/vitalezza.co\/index.php\/wp-json\/wp\/v2\/media?parent=2024"}],"wp:term":[{"taxonomy":"product_cat","embeddable":true,"href":"https:\/\/vitalezza.co\/index.php\/wp-json\/wp\/v2\/product_cat?post=2024"},{"taxonomy":"product_tag","embeddable":true,"href":"https:\/\/vitalezza.co\/index.php\/wp-json\/wp\/v2\/product_tag?post=2024"}],"curies":[{"name":"wp","href":"https:\/\/api.w.org\/{rel}","templated":true}]}}