{"id":2021,"date":"2023-09-29T00:51:41","date_gmt":"2023-09-29T00:51:41","guid":{"rendered":"https:\/\/vitalezza.co\/?post_type=product&#038;p=2021"},"modified":"2025-10-13T23:39:05","modified_gmt":"2025-10-13T23:39:05","slug":"rejuvenecimiento-laser-co2-facial-y-cuello","status":"publish","type":"product","link":"https:\/\/vitalezza.co\/index.php\/producto\/rejuvenecimiento-laser-co2-facial-y-cuello\/","title":{"rendered":"Perfilado de cejas con l\u00e1ser trionda"},"content":{"rendered":"<p class=\"p1\">\u2022 Resalta tu mirada con cejas perfectamente definidas.<\/p>\n<p class=\"p1\">\u2022 Nuestro servicio combina t\u00e9cnicas profesionales de depilaci\u00f3n y dise\u00f1o para lograr unas cejas armoniosas, limpias y con la forma ideal para tu rostro.<\/p>\n<p class=\"p1\"><span class=\"s1\">\u2714<\/span> Depilaci\u00f3n Laser en cejas<\/p>\n<p class=\"p1\"><span class=\"s1\">\u2714<\/span> Perfilado personalizado<\/p>\n<p class=\"p1\"><span class=\"s1\">\u2714<\/span> Acabado natural y elegante<\/p>\n<p class=\"p1\">\u2728 Porque unas cejas bien dise\u00f1adas transforman tu expresi\u00f3n \u2728<\/p>\n<p class=\"p2\">\n","protected":false},"excerpt":{"rendered":"<p>\u2022 Resalta tu mirada con cejas perfectamente definidas. \u2022 Nuestro servicio combina t\u00e9cnicas profesionales de depilaci\u00f3n y dise\u00f1o para lograr unas cejas armoniosas, limpias y con la forma ideal para tu rostro. \u2714 Depilaci\u00f3n Laser en cejas \u2714 Perfilado personalizado \u2714 Acabado natural y elegante \u2728 Porque unas cejas bien dise\u00f1adas transforman tu expresi\u00f3n \u2728<\/p>\n","protected":false},"featured_media":3101,"template":"","meta":{"_et_pb_use_builder":"","_et_pb_old_content":"","_et_gb_content_width":"","om_disable_all_campaigns":false,"_monsterinsights_skip_tracking":false,"_monsterinsights_sitenote_active":false,"_monsterinsights_sitenote_note":"","_monsterinsights_sitenote_category":0,"spay_email":"","_joinchat":[]},"product_cat":[78],"product_tag":[],"aioseo_notices":[],"_links":{"self":[{"href":"https:\/\/vitalezza.co\/index.php\/wp-json\/wp\/v2\/product\/2021"}],"collection":[{"href":"https:\/\/vitalezza.co\/index.php\/wp-json\/wp\/v2\/product"}],"about":[{"href":"https:\/\/vitalezza.co\/index.php\/wp-json\/wp\/v2\/types\/product"}],"wp:featuredmedia":[{"embeddable":true,"href":"https:\/\/vitalezza.co\/index.php\/wp-json\/wp\/v2\/media\/3101"}],"wp:attachment":[{"href":"https:\/\/vitalezza.co\/index.php\/wp-json\/wp\/v2\/media?parent=2021"}],"wp:term":[{"taxonomy":"product_cat","embeddable":true,"href":"https:\/\/vitalezza.co\/index.php\/wp-json\/wp\/v2\/product_cat?post=2021"},{"taxonomy":"product_tag","embeddable":true,"href":"https:\/\/vitalezza.co\/index.php\/wp-json\/wp\/v2\/product_tag?post=2021"}],"curies":[{"name":"wp","href":"https:\/\/api.w.org\/{rel}","templated":true}]}}