{"id":2016,"date":"2023-09-29T00:47:54","date_gmt":"2023-09-29T00:47:54","guid":{"rendered":"https:\/\/vitalezza.co\/?post_type=product&#038;p=2016"},"modified":"2025-10-13T22:59:52","modified_gmt":"2025-10-13T22:59:52","slug":"ultraskin-underchin","status":"publish","type":"product","link":"https:\/\/vitalezza.co\/index.php\/producto\/ultraskin-underchin\/","title":{"rendered":"Tratamiento de reducci\u00f3n de papada"},"content":{"rendered":"<p>Valido por 1 sesi\u00f3n de Ultraskin HIFU Underchin, 2 sesiones de enzimas lipol\u00edticas y 3 sesiones de tensmax radiofrecuencia en papada<\/p>\n<p>&nbsp;<\/p>\n","protected":false},"excerpt":{"rendered":"<p>Valido por 1 sesi\u00f3n de Ultraskin HIFU Underchin, 2 sesiones de enzimas lipol\u00edticas y 3 sesiones de tensmax radiofrecuencia en papada &nbsp;<\/p>\n","protected":false},"featured_media":2571,"template":"","meta":{"_et_pb_use_builder":"","_et_pb_old_content":"","_et_gb_content_width":"","om_disable_all_campaigns":false,"_monsterinsights_skip_tracking":false,"_monsterinsights_sitenote_active":false,"_monsterinsights_sitenote_note":"","_monsterinsights_sitenote_category":0,"spay_email":"","_joinchat":[]},"product_cat":[78],"product_tag":[],"aioseo_notices":[],"_links":{"self":[{"href":"https:\/\/vitalezza.co\/index.php\/wp-json\/wp\/v2\/product\/2016"}],"collection":[{"href":"https:\/\/vitalezza.co\/index.php\/wp-json\/wp\/v2\/product"}],"about":[{"href":"https:\/\/vitalezza.co\/index.php\/wp-json\/wp\/v2\/types\/product"}],"wp:featuredmedia":[{"embeddable":true,"href":"https:\/\/vitalezza.co\/index.php\/wp-json\/wp\/v2\/media\/2571"}],"wp:attachment":[{"href":"https:\/\/vitalezza.co\/index.php\/wp-json\/wp\/v2\/media?parent=2016"}],"wp:term":[{"taxonomy":"product_cat","embeddable":true,"href":"https:\/\/vitalezza.co\/index.php\/wp-json\/wp\/v2\/product_cat?post=2016"},{"taxonomy":"product_tag","embeddable":true,"href":"https:\/\/vitalezza.co\/index.php\/wp-json\/wp\/v2\/product_tag?post=2016"}],"curies":[{"name":"wp","href":"https:\/\/api.w.org\/{rel}","templated":true}]}}