{"id":2006,"date":"2023-09-29T00:31:22","date_gmt":"2023-09-29T00:31:22","guid":{"rendered":"https:\/\/vitalezza.co\/?post_type=product&#038;p=2006"},"modified":"2025-10-13T21:00:34","modified_gmt":"2025-10-13T21:00:34","slug":"peeling-quimico","status":"publish","type":"product","link":"https:\/\/vitalezza.co\/index.php\/producto\/peeling-quimico\/","title":{"rendered":"Tratamiento acn\u00e9 y manchas con l\u00e1ser y peeling qu\u00edmico"},"content":{"rendered":"<p>Valido por 2 sesi\u00f3nes de Peeling qu\u00edmico facial + 2 sesiones de l\u00e1ser para acn\u00e9\/despigmentante de picosegundos<\/p>\n<p>El l\u00e1ser de picosegundos es la \u00faltima tecnolog\u00eda para tratar lesiones inflamatorias y las lesiones pigmentarias. es un tratamiento sin incapacidad y sin costras despu\u00e9s del procedimiento. El peeling facial es un m\u00e9todo que renueva las capas de la piel, promoviendo la consistencia, uniformidad del tono y una mayor hidrataci\u00f3n cut\u00e1nea. Este procedimiento se emplea para realzar la apariencia de la piel afectada por la exposici\u00f3n solar, reducir l\u00edneas de expresi\u00f3n, mejorar las cicatrices causadas por acn\u00e9 o varicela, as\u00ed como para aclarar o eliminar manchas. Su aplicaci\u00f3n se realiza en \u00e1reas como las axilas, zonas \u00edntimas y el rostro.<\/p>\n","protected":false},"excerpt":{"rendered":"<p>Valido por 2 sesi\u00f3nes de Peeling qu\u00edmico facial + 2 sesiones de l\u00e1ser para acn\u00e9\/despigmentante de picosegundos El l\u00e1ser de picosegundos es la \u00faltima tecnolog\u00eda para tratar lesiones inflamatorias y las lesiones pigmentarias. es un tratamiento sin incapacidad y sin costras despu\u00e9s del procedimiento. El peeling facial es un m\u00e9todo que renueva las capas de [&hellip;]<\/p>\n","protected":false},"featured_media":2600,"template":"","meta":{"_et_pb_use_builder":"","_et_pb_old_content":"","_et_gb_content_width":"","om_disable_all_campaigns":false,"_monsterinsights_skip_tracking":false,"_monsterinsights_sitenote_active":false,"_monsterinsights_sitenote_note":"","_monsterinsights_sitenote_category":0,"spay_email":"","_joinchat":[]},"product_cat":[78],"product_tag":[],"aioseo_notices":[],"_links":{"self":[{"href":"https:\/\/vitalezza.co\/index.php\/wp-json\/wp\/v2\/product\/2006"}],"collection":[{"href":"https:\/\/vitalezza.co\/index.php\/wp-json\/wp\/v2\/product"}],"about":[{"href":"https:\/\/vitalezza.co\/index.php\/wp-json\/wp\/v2\/types\/product"}],"wp:featuredmedia":[{"embeddable":true,"href":"https:\/\/vitalezza.co\/index.php\/wp-json\/wp\/v2\/media\/2600"}],"wp:attachment":[{"href":"https:\/\/vitalezza.co\/index.php\/wp-json\/wp\/v2\/media?parent=2006"}],"wp:term":[{"taxonomy":"product_cat","embeddable":true,"href":"https:\/\/vitalezza.co\/index.php\/wp-json\/wp\/v2\/product_cat?post=2006"},{"taxonomy":"product_tag","embeddable":true,"href":"https:\/\/vitalezza.co\/index.php\/wp-json\/wp\/v2\/product_tag?post=2006"}],"curies":[{"name":"wp","href":"https:\/\/api.w.org\/{rel}","templated":true}]}}